{"id":13,"date":"2023-10-04T17:31:53","date_gmt":"2023-10-04T15:31:53","guid":{"rendered":"http:\/\/nouveau.lafistiniere.com\/www\/?page_id=13"},"modified":"2024-01-08T16:57:16","modified_gmt":"2024-01-08T15:57:16","slug":"le-cercle-de-la-fistiniere","status":"publish","type":"page","link":"https:\/\/nouveau.lafistiniere.com\/www\/le-cercle-de-la-fistiniere\/","title":{"rendered":"Le Cercle de La Fistini\u00e8re"},"content":{"rendered":"","protected":false},"excerpt":{"rendered":"","protected":false},"author":2,"featured_media":0,"parent":0,"menu_order":0,"comment_status":"closed","ping_status":"closed","template":"","meta":{"_price":"","_stock":"","_tribe_ticket_header":"","_tribe_default_ticket_provider":"","_tribe_ticket_capacity":"0","_ticket_start_date":"","_ticket_end_date":"","_tribe_ticket_show_description":"","_tribe_ticket_show_not_going":false,"_tribe_ticket_use_global_stock":"","_tribe_ticket_global_stock_level":"","_global_stock_mode":"","_global_stock_cap":"","_tribe_rsvp_for_event":"","_tribe_ticket_going_count":"","_tribe_ticket_not_going_count":"","_tribe_tickets_list":"[]","_tribe_ticket_has_attendee_info_fields":false,"footnotes":""},"class_list":["post-13","page","type-page","status-publish","hentry","entry"],"yoast_head":"<!-- This site is optimized with the Yoast SEO plugin v23.5 - https:\/\/yoast.com\/wordpress\/plugins\/seo\/ -->\n<title>Le Cercle de La Fistini\u00e8re - Newlafistiniere<\/title>\n<meta name=\"robots\" content=\"noindex, follow, max-snippet:-1, max-image-preview:large, max-video-preview:-1\" \/>\n<meta property=\"og:locale\" content=\"fr_FR\" \/>\n<meta property=\"og:type\" content=\"article\" \/>\n<meta property=\"og:title\" content=\"Le Cercle de La Fistini\u00e8re - Newlafistiniere\" \/>\n<meta property=\"og:url\" content=\"https:\/\/nouveau.lafistiniere.com\/www\/le-cercle-de-la-fistiniere\/\" \/>\n<meta property=\"og:site_name\" content=\"Newlafistiniere\" \/>\n<meta property=\"article:modified_time\" content=\"2024-01-08T15:57:16+00:00\" \/>\n<meta name=\"twitter:card\" content=\"summary_large_image\" \/>\n<script type=\"application\/ld+json\" class=\"yoast-schema-graph\">{\"@context\":\"https:\/\/schema.org\",\"@graph\":[{\"@type\":\"WebPage\",\"@id\":\"https:\/\/nouveau.lafistiniere.com\/www\/le-cercle-de-la-fistiniere\/\",\"url\":\"https:\/\/nouveau.lafistiniere.com\/www\/le-cercle-de-la-fistiniere\/\",\"name\":\"Le Cercle de La Fistini\u00e8re - Newlafistiniere\",\"isPartOf\":{\"@id\":\"https:\/\/nouveau.lafistiniere.com\/www\/#website\"},\"datePublished\":\"2023-10-04T15:31:53+00:00\",\"dateModified\":\"2024-01-08T15:57:16+00:00\",\"breadcrumb\":{\"@id\":\"https:\/\/nouveau.lafistiniere.com\/www\/le-cercle-de-la-fistiniere\/#breadcrumb\"},\"inLanguage\":\"fr-FR\",\"potentialAction\":[{\"@type\":\"ReadAction\",\"target\":[\"https:\/\/nouveau.lafistiniere.com\/www\/le-cercle-de-la-fistiniere\/\"]}]},{\"@type\":\"BreadcrumbList\",\"@id\":\"https:\/\/nouveau.lafistiniere.com\/www\/le-cercle-de-la-fistiniere\/#breadcrumb\",\"itemListElement\":[{\"@type\":\"ListItem\",\"position\":1,\"name\":\"Accueil\",\"item\":\"https:\/\/nouveau.lafistiniere.com\/www\/\"},{\"@type\":\"ListItem\",\"position\":2,\"name\":\"Le Cercle de La Fistini\u00e8re\"}]},{\"@type\":\"WebSite\",\"@id\":\"https:\/\/nouveau.lafistiniere.com\/www\/#website\",\"url\":\"https:\/\/nouveau.lafistiniere.com\/www\/\",\"name\":\"Newlafistiniere\",\"description\":\"La Fistini\u00e8re s&#039;\u00e9largit pour venir jusqu&#039;\u00e0 toi.\",\"publisher\":{\"@id\":\"https:\/\/nouveau.lafistiniere.com\/www\/#organization\"},\"potentialAction\":[{\"@type\":\"SearchAction\",\"target\":{\"@type\":\"EntryPoint\",\"urlTemplate\":\"https:\/\/nouveau.lafistiniere.com\/www\/?s={search_term_string}\"},\"query-input\":{\"@type\":\"PropertyValueSpecification\",\"valueRequired\":true,\"valueName\":\"search_term_string\"}}],\"inLanguage\":\"fr-FR\"},{\"@type\":\"Organization\",\"@id\":\"https:\/\/nouveau.lafistiniere.com\/www\/#organization\",\"name\":\"Newlafistiniere\",\"url\":\"https:\/\/nouveau.lafistiniere.com\/www\/\",\"logo\":{\"@type\":\"ImageObject\",\"inLanguage\":\"fr-FR\",\"@id\":\"https:\/\/nouveau.lafistiniere.com\/www\/#\/schema\/logo\/image\/\",\"url\":\"https:\/\/nouveau.lafistiniere.com\/www\/wp-content\/uploads\/2023\/10\/cropped-LE-LOGO-R-taille-reduite.jpg\",\"contentUrl\":\"https:\/\/nouveau.lafistiniere.com\/www\/wp-content\/uploads\/2023\/10\/cropped-LE-LOGO-R-taille-reduite.jpg\",\"width\":799,\"height\":730,\"caption\":\"Newlafistiniere\"},\"image\":{\"@id\":\"https:\/\/nouveau.lafistiniere.com\/www\/#\/schema\/logo\/image\/\"}}]}<\/script>\n<!-- \/ Yoast SEO plugin. -->","yoast_head_json":{"title":"Le Cercle de La Fistini\u00e8re - Newlafistiniere","robots":{"index":"noindex","follow":"follow","max-snippet":"max-snippet:-1","max-image-preview":"max-image-preview:large","max-video-preview":"max-video-preview:-1"},"og_locale":"fr_FR","og_type":"article","og_title":"Le Cercle de La Fistini\u00e8re - Newlafistiniere","og_url":"https:\/\/nouveau.lafistiniere.com\/www\/le-cercle-de-la-fistiniere\/","og_site_name":"Newlafistiniere","article_modified_time":"2024-01-08T15:57:16+00:00","twitter_card":"summary_large_image","schema":{"@context":"https:\/\/schema.org","@graph":[{"@type":"WebPage","@id":"https:\/\/nouveau.lafistiniere.com\/www\/le-cercle-de-la-fistiniere\/","url":"https:\/\/nouveau.lafistiniere.com\/www\/le-cercle-de-la-fistiniere\/","name":"Le Cercle de La Fistini\u00e8re - Newlafistiniere","isPartOf":{"@id":"https:\/\/nouveau.lafistiniere.com\/www\/#website"},"datePublished":"2023-10-04T15:31:53+00:00","dateModified":"2024-01-08T15:57:16+00:00","breadcrumb":{"@id":"https:\/\/nouveau.lafistiniere.com\/www\/le-cercle-de-la-fistiniere\/#breadcrumb"},"inLanguage":"fr-FR","potentialAction":[{"@type":"ReadAction","target":["https:\/\/nouveau.lafistiniere.com\/www\/le-cercle-de-la-fistiniere\/"]}]},{"@type":"BreadcrumbList","@id":"https:\/\/nouveau.lafistiniere.com\/www\/le-cercle-de-la-fistiniere\/#breadcrumb","itemListElement":[{"@type":"ListItem","position":1,"name":"Accueil","item":"https:\/\/nouveau.lafistiniere.com\/www\/"},{"@type":"ListItem","position":2,"name":"Le Cercle de La Fistini\u00e8re"}]},{"@type":"WebSite","@id":"https:\/\/nouveau.lafistiniere.com\/www\/#website","url":"https:\/\/nouveau.lafistiniere.com\/www\/","name":"Newlafistiniere","description":"La Fistini\u00e8re s&#039;\u00e9largit pour venir jusqu&#039;\u00e0 toi.","publisher":{"@id":"https:\/\/nouveau.lafistiniere.com\/www\/#organization"},"potentialAction":[{"@type":"SearchAction","target":{"@type":"EntryPoint","urlTemplate":"https:\/\/nouveau.lafistiniere.com\/www\/?s={search_term_string}"},"query-input":{"@type":"PropertyValueSpecification","valueRequired":true,"valueName":"search_term_string"}}],"inLanguage":"fr-FR"},{"@type":"Organization","@id":"https:\/\/nouveau.lafistiniere.com\/www\/#organization","name":"Newlafistiniere","url":"https:\/\/nouveau.lafistiniere.com\/www\/","logo":{"@type":"ImageObject","inLanguage":"fr-FR","@id":"https:\/\/nouveau.lafistiniere.com\/www\/#\/schema\/logo\/image\/","url":"https:\/\/nouveau.lafistiniere.com\/www\/wp-content\/uploads\/2023\/10\/cropped-LE-LOGO-R-taille-reduite.jpg","contentUrl":"https:\/\/nouveau.lafistiniere.com\/www\/wp-content\/uploads\/2023\/10\/cropped-LE-LOGO-R-taille-reduite.jpg","width":799,"height":730,"caption":"Newlafistiniere"},"image":{"@id":"https:\/\/nouveau.lafistiniere.com\/www\/#\/schema\/logo\/image\/"}}]}},"ticketed":false,"_links":{"self":[{"href":"https:\/\/nouveau.lafistiniere.com\/www\/wp-json\/wp\/v2\/pages\/13","targetHints":{"allow":["GET"]}}],"collection":[{"href":"https:\/\/nouveau.lafistiniere.com\/www\/wp-json\/wp\/v2\/pages"}],"about":[{"href":"https:\/\/nouveau.lafistiniere.com\/www\/wp-json\/wp\/v2\/types\/page"}],"author":[{"embeddable":true,"href":"https:\/\/nouveau.lafistiniere.com\/www\/wp-json\/wp\/v2\/users\/2"}],"replies":[{"embeddable":true,"href":"https:\/\/nouveau.lafistiniere.com\/www\/wp-json\/wp\/v2\/comments?post=13"}],"version-history":[{"count":4,"href":"https:\/\/nouveau.lafistiniere.com\/www\/wp-json\/wp\/v2\/pages\/13\/revisions"}],"predecessor-version":[{"id":166,"href":"https:\/\/nouveau.lafistiniere.com\/www\/wp-json\/wp\/v2\/pages\/13\/revisions\/166"}],"wp:attachment":[{"href":"https:\/\/nouveau.lafistiniere.com\/www\/wp-json\/wp\/v2\/media?parent=13"}],"curies":[{"name":"wp","href":"https:\/\/api.w.org\/{rel}","templated":true}]}}