{"id":264,"date":"2024-02-13T16:09:59","date_gmt":"2024-02-13T15:09:59","guid":{"rendered":"http:\/\/nouveau.lafistiniere.com\/www\/?page_id=264"},"modified":"2024-06-26T19:24:25","modified_gmt":"2024-06-26T17:24:25","slug":"univers-de-la-fistiniere","status":"publish","type":"page","link":"https:\/\/nouveau.lafistiniere.com\/www\/univers-de-la-fistiniere\/","title":{"rendered":"L&rsquo;Univers de La Fistini\u00e8re"},"content":{"rendered":"\t\t<div data-elementor-type=\"wp-page\" data-elementor-id=\"264\" class=\"elementor elementor-264\">\n\t\t\t\t<div class=\"elementor-element elementor-element-871afdc e-flex e-con-boxed e-con e-parent\" data-id=\"871afdc\" data-element_type=\"container\" data-e-type=\"container\">\n\t\t\t\t\t<div class=\"e-con-inner\">\n\t\t<div class=\"elementor-element elementor-element-d40eb3b e-con-full e-flex e-con e-child\" data-id=\"d40eb3b\" data-element_type=\"container\" data-e-type=\"container\">\n\t\t\t\t<div class=\"elementor-element elementor-element-4cb1820 elementor-widget elementor-widget-heading\" data-id=\"4cb1820\" data-element_type=\"widget\" data-e-type=\"widget\" data-widget_type=\"heading.default\">\n\t\t\t\t<div class=\"elementor-widget-container\">\n\t\t\t\t\t<h2 class=\"elementor-heading-title elementor-size-default\">Notre Univers<\/h2>\t\t\t\t<\/div>\n\t\t\t\t<\/div>\n\t\t\t\t<div class=\"elementor-element elementor-element-ab5bafa elementor-invisible elementor-widget elementor-widget-image\" data-id=\"ab5bafa\" data-element_type=\"widget\" data-e-type=\"widget\" data-settings=\"{&quot;_animation&quot;:&quot;lightSpeedIn&quot;}\" data-widget_type=\"image.default\">\n\t\t\t\t<div class=\"elementor-widget-container\">\n\t\t\t\t\t\t\t\t\t\t\t\t\t\t\t<img fetchpriority=\"high\" decoding=\"async\" width=\"500\" height=\"346\" src=\"https:\/\/nouveau.lafistiniere.com\/www\/wp-content\/uploads\/2024\/03\/Univers-de-la-fistiniere-500-pix.png\" class=\"attachment-large size-large wp-image-334\" alt=\"\" srcset=\"https:\/\/nouveau.lafistiniere.com\/www\/wp-content\/uploads\/2024\/03\/Univers-de-la-fistiniere-500-pix.png 500w, https:\/\/nouveau.lafistiniere.com\/www\/wp-content\/uploads\/2024\/03\/Univers-de-la-fistiniere-500-pix-300x208.png 300w\" sizes=\"(max-width: 500px) 100vw, 500px\" \/>\t\t\t\t\t\t\t\t\t\t\t\t\t\t\t<\/div>\n\t\t\t\t<\/div>\n\t\t\t\t<\/div>\n\t\t<div class=\"elementor-element elementor-element-8de315b e-con-full e-flex e-con e-child\" data-id=\"8de315b\" data-element_type=\"container\" data-e-type=\"container\">\n\t\t\t\t<div class=\"elementor-element elementor-element-0a07eaf elementor-widget elementor-widget-text-editor\" data-id=\"0a07eaf\" data-element_type=\"widget\" data-e-type=\"widget\" data-widget_type=\"text-editor.default\">\n\t\t\t\t<div class=\"elementor-widget-container\">\n\t\t\t\t\t\t\t\t\t<p>Notre univers est form\u00e9 par notre \u00ab\u00a0folklore\u00a0\u00bb, les activit\u00e9s que nous proposons, les personnes qui nous suivent, lesquelles partagent avec nous la m\u00eame id\u00e9e d\u2019une sexualit\u00e9 \u00e9panouie et assum\u00e9e, ainsi que nos partenaires en France et \u00e0 l\u2019\u00e9tranger.<\/p>\t\t\t\t\t\t\t\t<\/div>\n\t\t\t\t<\/div>\n\t\t\t\t<\/div>\n\t\t\t\t\t<\/div>\n\t\t\t\t<\/div>\n\t\t<div class=\"elementor-element elementor-element-f7b9f87 e-flex e-con-boxed e-con e-parent\" data-id=\"f7b9f87\" data-element_type=\"container\" data-e-type=\"container\">\n\t\t\t\t\t<div class=\"e-con-inner\">\n\t\t<div class=\"elementor-element elementor-element-a40311f e-con-full e-flex e-con e-child\" data-id=\"a40311f\" data-element_type=\"container\" data-e-type=\"container\">\n\t\t\t\t<div class=\"elementor-element elementor-element-d1de4d6 elementor-invisible elementor-widget elementor-widget-image\" data-id=\"d1de4d6\" data-element_type=\"widget\" data-e-type=\"widget\" data-settings=\"{&quot;_animation&quot;:&quot;zoomInLeft&quot;}\" data-widget_type=\"image.default\">\n\t\t\t\t<div class=\"elementor-widget-container\">\n\t\t\t\t\t\t\t\t\t\t\t\t\t\t\t<img decoding=\"async\" width=\"900\" height=\"796\" src=\"https:\/\/nouveau.lafistiniere.com\/www\/wp-content\/uploads\/2024\/02\/2013Truiasse2BraceletsSansFermeture-900-pix.jpg\" class=\"attachment-large size-large wp-image-267\" alt=\"\" srcset=\"https:\/\/nouveau.lafistiniere.com\/www\/wp-content\/uploads\/2024\/02\/2013Truiasse2BraceletsSansFermeture-900-pix.jpg 900w, https:\/\/nouveau.lafistiniere.com\/www\/wp-content\/uploads\/2024\/02\/2013Truiasse2BraceletsSansFermeture-900-pix-300x265.jpg 300w, https:\/\/nouveau.lafistiniere.com\/www\/wp-content\/uploads\/2024\/02\/2013Truiasse2BraceletsSansFermeture-900-pix-768x679.jpg 768w\" sizes=\"(max-width: 900px) 100vw, 900px\" \/>\t\t\t\t\t\t\t\t\t\t\t\t\t\t\t<\/div>\n\t\t\t\t<\/div>\n\t\t\t\t<\/div>\n\t\t<div class=\"elementor-element elementor-element-bc3df1d e-con-full e-flex e-con e-child\" data-id=\"bc3df1d\" data-element_type=\"container\" data-e-type=\"container\">\n\t\t\t\t<div class=\"elementor-element elementor-element-201cd71 elementor-widget elementor-widget-heading\" data-id=\"201cd71\" data-element_type=\"widget\" data-e-type=\"widget\" data-widget_type=\"heading.default\">\n\t\t\t\t<div class=\"elementor-widget-container\">\n\t\t\t\t\t<h2 class=\"elementor-heading-title elementor-size-default\">La Truieasse<\/h2>\t\t\t\t<\/div>\n\t\t\t\t<\/div>\n\t\t\t\t<div class=\"elementor-element elementor-element-4d727f3 elementor-widget elementor-widget-text-editor\" data-id=\"4d727f3\" data-element_type=\"widget\" data-e-type=\"widget\" data-widget_type=\"text-editor.default\">\n\t\t\t\t<div class=\"elementor-widget-container\">\n\t\t\t\t\t\t\t\t\t<p>A La Fistini\u00e8re nous avons cr\u00e9\u00e9 le mot TRUIEASSE, en r\u00e9ponse dr\u00f4le \u00e0 la discrimination des personnes qui aiment le sexe dans notre soci\u00e9t\u00e9. Dans le vocabulaire commun, le mot \u00ab\u00a0Truie\u00a0\u00bb en plus de d\u00e9signer la femelle du cochon, d\u00e9signe une personne TR\u00c8S SEXUELLE, aimant librement les plaisirs de LA VIE. CE sens est souvent p\u00e9joratif et se veut insultant. \u00a0\u00a0\u00a0<\/p><p>Le suffixe \u00ab\u00a0asse\u00a0\u00bb est ajout\u00e9 pour donner une qualit\u00e9 augmentative ou p\u00e9jorative, parfois les deux, pour rendre le mot plus insultant.<\/p><p>Puisque \u00e0 La Fistini\u00e8re nous aimons les plaisirs sexuels, les plaisirs de la Vie, nous avons choisi cette jolie \u00ab\u00a0appellation\u00a0\u00bb pour d\u00e9signer une personne qui incarne l&rsquo;Esprit de La Fistini\u00e8re.<\/p><p>LA TRUIEASSE EST DONC UNE PERSONNE QUI SAIT DONNER ET PRENDRE DU PLAISIR.<\/p><p>Elle est conviviale, joyeuse, attentionn\u00e9e, empathique et sympathique.<\/p><p>C&rsquo;est un \u00ab\u00a0bon coup\u00a0\u00bb et une excellente compagnie.<\/p>\t\t\t\t\t\t\t\t<\/div>\n\t\t\t\t<\/div>\n\t\t\t\t<\/div>\n\t\t\t\t\t<\/div>\n\t\t\t\t<\/div>\n\t\t<div class=\"elementor-element elementor-element-65609d3 e-flex e-con-boxed e-con e-parent\" data-id=\"65609d3\" data-element_type=\"container\" data-e-type=\"container\">\n\t\t\t\t\t<div class=\"e-con-inner\">\n\t\t<div class=\"elementor-element elementor-element-86f4405 e-con-full e-flex e-con e-child\" data-id=\"86f4405\" data-element_type=\"container\" data-e-type=\"container\">\n\t\t\t\t<div class=\"elementor-element elementor-element-14a529c elementor-widget elementor-widget-heading\" data-id=\"14a529c\" data-element_type=\"widget\" data-e-type=\"widget\" data-widget_type=\"heading.default\">\n\t\t\t\t<div class=\"elementor-widget-container\">\n\t\t\t\t\t<h2 class=\"elementor-heading-title elementor-size-default\">ESPRIT DE LA FISTINI\u00c8RE<\/h2>\t\t\t\t<\/div>\n\t\t\t\t<\/div>\n\t\t\t\t<div class=\"elementor-element elementor-element-da52e7f elementor-widget elementor-widget-text-editor\" data-id=\"da52e7f\" data-element_type=\"widget\" data-e-type=\"widget\" data-widget_type=\"text-editor.default\">\n\t\t\t\t<div class=\"elementor-widget-container\">\n\t\t\t\t\t\t\t\t\t<p>La Fistini\u00e8re est le lieu physique ou virtuel qui accueille en son sein<\/p><p>\u00a0LA GRANDE FAMILLE DU FIST-FUCKING, DU PLAISIR ANAL<\/p><p>ET DE LEUR JOUISSANCES.<\/p><p><strong>SON ESPRIT EST FAIT :<\/strong><\/p><p><em><strong>D&rsquo;amour tout court.<\/strong><\/em><\/p><p>D&rsquo;amour pour le sexe, la jouissance, le plaisir,\u00a0Sans prise de t\u00eate et en toute libert\u00e9.<\/p><p><em><strong>De passion <\/strong><\/em><\/p><p>Pour l&rsquo;orgasme, qu&rsquo;il soit anal, vaginal, de la bite, du corps entier et de l&rsquo;esprit.<\/p><p><em><strong>De convivialit\u00e9<\/strong><\/em><\/p><p>pour accueillir l&rsquo;autre avec soi, en soi.<\/p><p><em><strong>De respect<\/strong><\/em><\/p><p>De soi, de l&rsquo;autre, des autres.<\/p>\t\t\t\t\t\t\t\t<\/div>\n\t\t\t\t<\/div>\n\t\t\t\t<\/div>\n\t\t<div class=\"elementor-element elementor-element-1eacf5f e-con-full e-flex e-con e-child\" data-id=\"1eacf5f\" data-element_type=\"container\" data-e-type=\"container\">\n\t\t\t\t<div class=\"elementor-element elementor-element-7adc806 elementor-invisible elementor-widget elementor-widget-image\" data-id=\"7adc806\" data-element_type=\"widget\" data-e-type=\"widget\" data-settings=\"{&quot;_animation&quot;:&quot;zoomInRight&quot;}\" data-widget_type=\"image.default\">\n\t\t\t\t<div class=\"elementor-widget-container\">\n\t\t\t\t\t\t\t\t\t\t\t\t\t\t\t<img decoding=\"async\" width=\"900\" height=\"1003\" src=\"https:\/\/nouveau.lafistiniere.com\/www\/wp-content\/uploads\/2024\/02\/Esprit-de-La-Fistiniere-900-pix.jpg\" class=\"attachment-large size-large wp-image-268\" alt=\"\" srcset=\"https:\/\/nouveau.lafistiniere.com\/www\/wp-content\/uploads\/2024\/02\/Esprit-de-La-Fistiniere-900-pix.jpg 900w, https:\/\/nouveau.lafistiniere.com\/www\/wp-content\/uploads\/2024\/02\/Esprit-de-La-Fistiniere-900-pix-269x300.jpg 269w, https:\/\/nouveau.lafistiniere.com\/www\/wp-content\/uploads\/2024\/02\/Esprit-de-La-Fistiniere-900-pix-768x856.jpg 768w\" sizes=\"(max-width: 900px) 100vw, 900px\" \/>\t\t\t\t\t\t\t\t\t\t\t\t\t\t\t<\/div>\n\t\t\t\t<\/div>\n\t\t\t\t<\/div>\n\t\t\t\t\t<\/div>\n\t\t\t\t<\/div>\n\t\t<div class=\"elementor-element elementor-element-83b89cc e-flex e-con-boxed e-con e-parent\" data-id=\"83b89cc\" data-element_type=\"container\" data-e-type=\"container\">\n\t\t\t\t\t<div class=\"e-con-inner\">\n\t\t<div class=\"elementor-element elementor-element-0a348fd e-con-full e-flex e-con e-child\" data-id=\"0a348fd\" data-element_type=\"container\" data-e-type=\"container\">\n\t\t\t\t<div class=\"elementor-element elementor-element-3a06d36 elementor-invisible elementor-widget elementor-widget-image\" data-id=\"3a06d36\" data-element_type=\"widget\" data-e-type=\"widget\" data-settings=\"{&quot;_animation&quot;:&quot;fadeInRight&quot;}\" data-widget_type=\"image.default\">\n\t\t\t\t<div class=\"elementor-widget-container\">\n\t\t\t\t\t\t\t\t\t\t\t\t\t\t\t<img loading=\"lazy\" decoding=\"async\" width=\"596\" height=\"596\" src=\"https:\/\/nouveau.lafistiniere.com\/www\/wp-content\/uploads\/2023\/10\/LOGO-DANS-CARRE-NOIR-1.png\" class=\"attachment-large size-large wp-image-126\" alt=\"Logo du Cercle de La Fistini\u00e8re avec un cercle color\u00e9 et le texte &quot;Le Cercle de La Fistini\u00e8re&quot; entourant le logo de La Fistini\u00e8re\" srcset=\"https:\/\/nouveau.lafistiniere.com\/www\/wp-content\/uploads\/2023\/10\/LOGO-DANS-CARRE-NOIR-1.png 596w, https:\/\/nouveau.lafistiniere.com\/www\/wp-content\/uploads\/2023\/10\/LOGO-DANS-CARRE-NOIR-1-300x300.png 300w, https:\/\/nouveau.lafistiniere.com\/www\/wp-content\/uploads\/2023\/10\/LOGO-DANS-CARRE-NOIR-1-150x150.png 150w\" sizes=\"(max-width: 596px) 100vw, 596px\" \/>\t\t\t\t\t\t\t\t\t\t\t\t\t\t\t<\/div>\n\t\t\t\t<\/div>\n\t\t\t\t<\/div>\n\t\t<div class=\"elementor-element elementor-element-fe7b599 e-con-full e-flex e-con e-child\" data-id=\"fe7b599\" data-element_type=\"container\" data-e-type=\"container\">\n\t\t\t\t<div class=\"elementor-element elementor-element-bbf624f elementor-widget elementor-widget-heading\" data-id=\"bbf624f\" data-element_type=\"widget\" data-e-type=\"widget\" data-widget_type=\"heading.default\">\n\t\t\t\t<div class=\"elementor-widget-container\">\n\t\t\t\t\t<h2 class=\"elementor-heading-title elementor-size-default\">Le Cercle de La Fistini\u00e8re<\/h2>\t\t\t\t<\/div>\n\t\t\t\t<\/div>\n\t\t\t\t<div class=\"elementor-element elementor-element-2a2328d elementor-widget elementor-widget-text-editor\" data-id=\"2a2328d\" data-element_type=\"widget\" data-e-type=\"widget\" data-widget_type=\"text-editor.default\">\n\t\t\t\t<div class=\"elementor-widget-container\">\n\t\t\t\t\t\t\t\t\t<p>La grande famille de La Fistini\u00e8re est form\u00e9e par toutes les personnes qui s&rsquo;identifient dans nos valeurs, partagent notre philosophie de la sexualit\u00e9 et nous suivent dans nos projets.<\/p><p>Les membres du cercle sont LES FISTIN\u2019POTES<\/p>\t\t\t\t\t\t\t\t<\/div>\n\t\t\t\t<\/div>\n\t\t\t\t<\/div>\n\t\t\t\t\t<\/div>\n\t\t\t\t<\/div>\n\t\t<div class=\"elementor-element elementor-element-54ee734 e-flex e-con-boxed e-con e-parent\" data-id=\"54ee734\" data-element_type=\"container\" data-e-type=\"container\">\n\t\t\t\t\t<div class=\"e-con-inner\">\n\t\t<div class=\"elementor-element elementor-element-b0729d2 e-con-full e-flex e-con e-child\" data-id=\"b0729d2\" data-element_type=\"container\" data-e-type=\"container\">\n\t\t\t\t<div class=\"elementor-element elementor-element-2a88979 elementor-widget elementor-widget-heading\" data-id=\"2a88979\" data-element_type=\"widget\" data-e-type=\"widget\" data-widget_type=\"heading.default\">\n\t\t\t\t<div class=\"elementor-widget-container\">\n\t\t\t\t\t<h2 class=\"elementor-heading-title elementor-size-default\">Sexpiritualit\u00e9<\/h2>\t\t\t\t<\/div>\n\t\t\t\t<\/div>\n\t\t\t\t<div class=\"elementor-element elementor-element-7bba6bc elementor-widget elementor-widget-text-editor\" data-id=\"7bba6bc\" data-element_type=\"widget\" data-e-type=\"widget\" data-widget_type=\"text-editor.default\">\n\t\t\t\t<div class=\"elementor-widget-container\">\n\t\t\t\t\t\t\t\t\t<p>Pour nous la spiritualit\u00e9 est la base de la sexualit\u00e9. Un orgasme est le lien entre l&rsquo;humain et le divin.\u00a0 \u00a0Jouir est prendre plaisir \u00e0 ce que l&rsquo;on fait, et prendre son pied c&rsquo;est aimer, s&rsquo;aimer soi-m\u00eame et aimer l&rsquo;autre, les autres.<\/p>\t\t\t\t\t\t\t\t<\/div>\n\t\t\t\t<\/div>\n\t\t\t\t<\/div>\n\t\t<div class=\"elementor-element elementor-element-69b9887 e-con-full e-flex e-con e-child\" data-id=\"69b9887\" data-element_type=\"container\" data-e-type=\"container\">\n\t\t\t\t<div class=\"elementor-element elementor-element-97c6810 elementor-invisible elementor-widget elementor-widget-image\" data-id=\"97c6810\" data-element_type=\"widget\" data-e-type=\"widget\" data-settings=\"{&quot;_animation&quot;:&quot;zoomInRight&quot;}\" data-widget_type=\"image.default\">\n\t\t\t\t<div class=\"elementor-widget-container\">\n\t\t\t\t\t\t\t\t\t\t\t\t\t\t\t<img loading=\"lazy\" decoding=\"async\" width=\"700\" height=\"241\" src=\"https:\/\/nouveau.lafistiniere.com\/www\/wp-content\/uploads\/2024\/06\/MAINS-SPIRITUALITE-700pix.jpg\" class=\"attachment-large size-large wp-image-469\" alt=\"\" srcset=\"https:\/\/nouveau.lafistiniere.com\/www\/wp-content\/uploads\/2024\/06\/MAINS-SPIRITUALITE-700pix.jpg 700w, https:\/\/nouveau.lafistiniere.com\/www\/wp-content\/uploads\/2024\/06\/MAINS-SPIRITUALITE-700pix-300x103.jpg 300w\" sizes=\"(max-width: 700px) 100vw, 700px\" \/>\t\t\t\t\t\t\t\t\t\t\t\t\t\t\t<\/div>\n\t\t\t\t<\/div>\n\t\t\t\t<\/div>\n\t\t\t\t\t<\/div>\n\t\t\t\t<\/div>\n\t\t\t\t<\/div>\n\t\t","protected":false},"excerpt":{"rendered":"<p>Notre Univers Notre univers est form\u00e9 par notre \u00ab\u00a0folklore\u00a0\u00bb, les activit\u00e9s que nous proposons, les personnes qui nous suivent, lesquelles partagent avec nous la m\u00eame id\u00e9e d\u2019une sexualit\u00e9 \u00e9panouie et [&hellip;]<\/p>\n","protected":false},"author":2,"featured_media":0,"parent":0,"menu_order":0,"comment_status":"closed","ping_status":"closed","template":"","meta":{"_price":"","_stock":"","_tribe_ticket_header":"","_tribe_default_ticket_provider":"","_tribe_ticket_capacity":"0","_ticket_start_date":"","_ticket_end_date":"","_tribe_ticket_show_description":"","_tribe_ticket_show_not_going":false,"_tribe_ticket_use_global_stock":"","_tribe_ticket_global_stock_level":"","_global_stock_mode":"","_global_stock_cap":"","_tribe_rsvp_for_event":"","_tribe_ticket_going_count":"","_tribe_ticket_not_going_count":"","_tribe_tickets_list":"[]","_tribe_ticket_has_attendee_info_fields":false,"footnotes":""},"class_list":["post-264","page","type-page","status-publish","hentry","entry"],"yoast_head":"<!-- This site is optimized with the Yoast SEO plugin v23.5 - https:\/\/yoast.com\/wordpress\/plugins\/seo\/ -->\n<title>L&#039;Univers de La Fistini\u00e8re - Newlafistiniere<\/title>\n<meta name=\"description\" content=\"D\u00e9couvrez l&#039;univers de La Fistini\u00e8re : folklore, activit\u00e9s, communaut\u00e9. Le concept de TRUIEASSE et l&#039;esprit de convivialit\u00e9, de respect.\" \/>\n<meta name=\"robots\" content=\"noindex, follow, max-snippet:-1, max-image-preview:large, max-video-preview:-1\" \/>\n<meta property=\"og:locale\" content=\"fr_FR\" \/>\n<meta property=\"og:type\" content=\"article\" \/>\n<meta property=\"og:title\" content=\"L&#039;Univers de La Fistini\u00e8re - Newlafistiniere\" \/>\n<meta property=\"og:description\" content=\"D\u00e9couvrez l&#039;univers de La Fistini\u00e8re : folklore, activit\u00e9s, communaut\u00e9. Le concept de TRUIEASSE et l&#039;esprit de convivialit\u00e9, de respect.\" \/>\n<meta property=\"og:url\" content=\"https:\/\/nouveau.lafistiniere.com\/www\/univers-de-la-fistiniere\/\" \/>\n<meta property=\"og:site_name\" content=\"Newlafistiniere\" \/>\n<meta property=\"article:modified_time\" content=\"2024-06-26T17:24:25+00:00\" \/>\n<meta property=\"og:image\" content=\"https:\/\/nouveau.lafistiniere.com\/www\/wp-content\/uploads\/2024\/03\/Univers-de-la-fistiniere-500-pix.png\" \/>\n<meta name=\"twitter:card\" content=\"summary_large_image\" \/>\n<meta name=\"twitter:label1\" content=\"Dur\u00e9e de lecture estim\u00e9e\" \/>\n\t<meta name=\"twitter:data1\" content=\"3 minutes\" \/>\n<script type=\"application\/ld+json\" class=\"yoast-schema-graph\">{\"@context\":\"https:\/\/schema.org\",\"@graph\":[{\"@type\":\"WebPage\",\"@id\":\"https:\/\/nouveau.lafistiniere.com\/www\/univers-de-la-fistiniere\/\",\"url\":\"https:\/\/nouveau.lafistiniere.com\/www\/univers-de-la-fistiniere\/\",\"name\":\"L'Univers de La Fistini\u00e8re - Newlafistiniere\",\"isPartOf\":{\"@id\":\"https:\/\/nouveau.lafistiniere.com\/www\/#website\"},\"primaryImageOfPage\":{\"@id\":\"https:\/\/nouveau.lafistiniere.com\/www\/univers-de-la-fistiniere\/#primaryimage\"},\"image\":{\"@id\":\"https:\/\/nouveau.lafistiniere.com\/www\/univers-de-la-fistiniere\/#primaryimage\"},\"thumbnailUrl\":\"https:\/\/nouveau.lafistiniere.com\/www\/wp-content\/uploads\/2024\/03\/Univers-de-la-fistiniere-500-pix.png\",\"datePublished\":\"2024-02-13T15:09:59+00:00\",\"dateModified\":\"2024-06-26T17:24:25+00:00\",\"description\":\"D\u00e9couvrez l'univers de La Fistini\u00e8re : folklore, activit\u00e9s, communaut\u00e9. Le concept de TRUIEASSE et l'esprit de convivialit\u00e9, de respect.\",\"breadcrumb\":{\"@id\":\"https:\/\/nouveau.lafistiniere.com\/www\/univers-de-la-fistiniere\/#breadcrumb\"},\"inLanguage\":\"fr-FR\",\"potentialAction\":[{\"@type\":\"ReadAction\",\"target\":[\"https:\/\/nouveau.lafistiniere.com\/www\/univers-de-la-fistiniere\/\"]}]},{\"@type\":\"ImageObject\",\"inLanguage\":\"fr-FR\",\"@id\":\"https:\/\/nouveau.lafistiniere.com\/www\/univers-de-la-fistiniere\/#primaryimage\",\"url\":\"\",\"contentUrl\":\"\"},{\"@type\":\"BreadcrumbList\",\"@id\":\"https:\/\/nouveau.lafistiniere.com\/www\/univers-de-la-fistiniere\/#breadcrumb\",\"itemListElement\":[{\"@type\":\"ListItem\",\"position\":1,\"name\":\"Accueil\",\"item\":\"https:\/\/nouveau.lafistiniere.com\/www\/\"},{\"@type\":\"ListItem\",\"position\":2,\"name\":\"L'univers de La Fistini\u00e8re\"}]},{\"@type\":\"WebSite\",\"@id\":\"https:\/\/nouveau.lafistiniere.com\/www\/#website\",\"url\":\"https:\/\/nouveau.lafistiniere.com\/www\/\",\"name\":\"Newlafistiniere\",\"description\":\"La Fistini\u00e8re s&#039;\u00e9largit pour venir jusqu&#039;\u00e0 toi.\",\"publisher\":{\"@id\":\"https:\/\/nouveau.lafistiniere.com\/www\/#organization\"},\"potentialAction\":[{\"@type\":\"SearchAction\",\"target\":{\"@type\":\"EntryPoint\",\"urlTemplate\":\"https:\/\/nouveau.lafistiniere.com\/www\/?s={search_term_string}\"},\"query-input\":{\"@type\":\"PropertyValueSpecification\",\"valueRequired\":true,\"valueName\":\"search_term_string\"}}],\"inLanguage\":\"fr-FR\"},{\"@type\":\"Organization\",\"@id\":\"https:\/\/nouveau.lafistiniere.com\/www\/#organization\",\"name\":\"Newlafistiniere\",\"url\":\"https:\/\/nouveau.lafistiniere.com\/www\/\",\"logo\":{\"@type\":\"ImageObject\",\"inLanguage\":\"fr-FR\",\"@id\":\"https:\/\/nouveau.lafistiniere.com\/www\/#\/schema\/logo\/image\/\",\"url\":\"https:\/\/nouveau.lafistiniere.com\/www\/wp-content\/uploads\/2023\/10\/cropped-LE-LOGO-R-taille-reduite.jpg\",\"contentUrl\":\"https:\/\/nouveau.lafistiniere.com\/www\/wp-content\/uploads\/2023\/10\/cropped-LE-LOGO-R-taille-reduite.jpg\",\"width\":799,\"height\":730,\"caption\":\"Newlafistiniere\"},\"image\":{\"@id\":\"https:\/\/nouveau.lafistiniere.com\/www\/#\/schema\/logo\/image\/\"}}]}<\/script>\n<!-- \/ Yoast SEO plugin. -->","yoast_head_json":{"title":"L'Univers de La Fistini\u00e8re - Newlafistiniere","description":"D\u00e9couvrez l'univers de La Fistini\u00e8re : folklore, activit\u00e9s, communaut\u00e9. Le concept de TRUIEASSE et l'esprit de convivialit\u00e9, de respect.","robots":{"index":"noindex","follow":"follow","max-snippet":"max-snippet:-1","max-image-preview":"max-image-preview:large","max-video-preview":"max-video-preview:-1"},"og_locale":"fr_FR","og_type":"article","og_title":"L'Univers de La Fistini\u00e8re - Newlafistiniere","og_description":"D\u00e9couvrez l'univers de La Fistini\u00e8re : folklore, activit\u00e9s, communaut\u00e9. Le concept de TRUIEASSE et l'esprit de convivialit\u00e9, de respect.","og_url":"https:\/\/nouveau.lafistiniere.com\/www\/univers-de-la-fistiniere\/","og_site_name":"Newlafistiniere","article_modified_time":"2024-06-26T17:24:25+00:00","og_image":[{"url":"https:\/\/nouveau.lafistiniere.com\/www\/wp-content\/uploads\/2024\/03\/Univers-de-la-fistiniere-500-pix.png"}],"twitter_card":"summary_large_image","twitter_misc":{"Dur\u00e9e de lecture estim\u00e9e":"3 minutes"},"schema":{"@context":"https:\/\/schema.org","@graph":[{"@type":"WebPage","@id":"https:\/\/nouveau.lafistiniere.com\/www\/univers-de-la-fistiniere\/","url":"https:\/\/nouveau.lafistiniere.com\/www\/univers-de-la-fistiniere\/","name":"L'Univers de La Fistini\u00e8re - Newlafistiniere","isPartOf":{"@id":"https:\/\/nouveau.lafistiniere.com\/www\/#website"},"primaryImageOfPage":{"@id":"https:\/\/nouveau.lafistiniere.com\/www\/univers-de-la-fistiniere\/#primaryimage"},"image":{"@id":"https:\/\/nouveau.lafistiniere.com\/www\/univers-de-la-fistiniere\/#primaryimage"},"thumbnailUrl":"https:\/\/nouveau.lafistiniere.com\/www\/wp-content\/uploads\/2024\/03\/Univers-de-la-fistiniere-500-pix.png","datePublished":"2024-02-13T15:09:59+00:00","dateModified":"2024-06-26T17:24:25+00:00","description":"D\u00e9couvrez l'univers de La Fistini\u00e8re : folklore, activit\u00e9s, communaut\u00e9. Le concept de TRUIEASSE et l'esprit de convivialit\u00e9, de respect.","breadcrumb":{"@id":"https:\/\/nouveau.lafistiniere.com\/www\/univers-de-la-fistiniere\/#breadcrumb"},"inLanguage":"fr-FR","potentialAction":[{"@type":"ReadAction","target":["https:\/\/nouveau.lafistiniere.com\/www\/univers-de-la-fistiniere\/"]}]},{"@type":"ImageObject","inLanguage":"fr-FR","@id":"https:\/\/nouveau.lafistiniere.com\/www\/univers-de-la-fistiniere\/#primaryimage","url":"","contentUrl":""},{"@type":"BreadcrumbList","@id":"https:\/\/nouveau.lafistiniere.com\/www\/univers-de-la-fistiniere\/#breadcrumb","itemListElement":[{"@type":"ListItem","position":1,"name":"Accueil","item":"https:\/\/nouveau.lafistiniere.com\/www\/"},{"@type":"ListItem","position":2,"name":"L'univers de La Fistini\u00e8re"}]},{"@type":"WebSite","@id":"https:\/\/nouveau.lafistiniere.com\/www\/#website","url":"https:\/\/nouveau.lafistiniere.com\/www\/","name":"Newlafistiniere","description":"La Fistini\u00e8re s&#039;\u00e9largit pour venir jusqu&#039;\u00e0 toi.","publisher":{"@id":"https:\/\/nouveau.lafistiniere.com\/www\/#organization"},"potentialAction":[{"@type":"SearchAction","target":{"@type":"EntryPoint","urlTemplate":"https:\/\/nouveau.lafistiniere.com\/www\/?s={search_term_string}"},"query-input":{"@type":"PropertyValueSpecification","valueRequired":true,"valueName":"search_term_string"}}],"inLanguage":"fr-FR"},{"@type":"Organization","@id":"https:\/\/nouveau.lafistiniere.com\/www\/#organization","name":"Newlafistiniere","url":"https:\/\/nouveau.lafistiniere.com\/www\/","logo":{"@type":"ImageObject","inLanguage":"fr-FR","@id":"https:\/\/nouveau.lafistiniere.com\/www\/#\/schema\/logo\/image\/","url":"https:\/\/nouveau.lafistiniere.com\/www\/wp-content\/uploads\/2023\/10\/cropped-LE-LOGO-R-taille-reduite.jpg","contentUrl":"https:\/\/nouveau.lafistiniere.com\/www\/wp-content\/uploads\/2023\/10\/cropped-LE-LOGO-R-taille-reduite.jpg","width":799,"height":730,"caption":"Newlafistiniere"},"image":{"@id":"https:\/\/nouveau.lafistiniere.com\/www\/#\/schema\/logo\/image\/"}}]}},"ticketed":false,"_links":{"self":[{"href":"https:\/\/nouveau.lafistiniere.com\/www\/wp-json\/wp\/v2\/pages\/264","targetHints":{"allow":["GET"]}}],"collection":[{"href":"https:\/\/nouveau.lafistiniere.com\/www\/wp-json\/wp\/v2\/pages"}],"about":[{"href":"https:\/\/nouveau.lafistiniere.com\/www\/wp-json\/wp\/v2\/types\/page"}],"author":[{"embeddable":true,"href":"https:\/\/nouveau.lafistiniere.com\/www\/wp-json\/wp\/v2\/users\/2"}],"replies":[{"embeddable":true,"href":"https:\/\/nouveau.lafistiniere.com\/www\/wp-json\/wp\/v2\/comments?post=264"}],"version-history":[{"count":43,"href":"https:\/\/nouveau.lafistiniere.com\/www\/wp-json\/wp\/v2\/pages\/264\/revisions"}],"predecessor-version":[{"id":481,"href":"https:\/\/nouveau.lafistiniere.com\/www\/wp-json\/wp\/v2\/pages\/264\/revisions\/481"}],"wp:attachment":[{"href":"https:\/\/nouveau.lafistiniere.com\/www\/wp-json\/wp\/v2\/media?parent=264"}],"curies":[{"name":"wp","href":"https:\/\/api.w.org\/{rel}","templated":true}]}}